 c**4/12 - c**3/3 + 2*c**2 + 25*c. What is the units digit of k(-4)?
6
Suppose 4*m = 4*b + 2456, m + 2447 = 5*m + 5*b. What is the hundreds digit of m?
6
Let o be -3 - (1/7 - (-2)/(-14)). Let f(k) = -66*k + 19. What is the units digit of f(o)?
7
Let g = 599 + -406. What is the hundreds digit of g?
1
Suppose -17 - 6 = 2*i + 3*t, 0 = -2*i + 5*t + 1. Let r = -22 - i. Let k(y) = -3*y - 3. What is the units digit of k(r)?
2
Let l(j) = j**2 - 5*j + 2. Let d be l(4). Let z = 2 + d. What is the units digit of z + (-5)/(20/(-104))?
6
Let j(s) = -s**2 - 14*s - 12. Let l be j(-14). What is the tens digit of 27/l*6*-6?
8
Let b(v) = 10*v**2 + 14*v + 189. What is the hundreds digit of b(-16)?
5
Suppose 5*b = -3*a + 83 + 154, 373 = 5*a + b. What is the tens digit of a?
7
Let i = 809 - 398. What is the hundreds digit of i?
4
Suppose -3*p + 25*p = 22770. What is the tens digit of p?
3
Suppose -6*q + 7 + 23 = 0. Suppose -q*i + 69 = -186. What is the tens digit of i?
5
Suppose -3*s = -2*s - 243. Let r = 470 - s. What is the tens digit of r?
2
Let y(u) = 3*u**2 - 3*u + 41. What is the units digit of y(-15)?
1
Let m = -8 + 11. Suppose 3*t + 594 = m*h, -4*h + 999 = h - 2*t. What is the units digit of h?
1
Suppose 31 + 197 = 2*k. Suppose 0 = -3*r - 0*r + k. What is the units digit of r?
8
Let a be 148/52 + (-4)/(-26). Suppose a*u = 2487 + 933. What is the tens digit of u/80 + (-3)/(-4)?
1
Suppose -3*o = -26 + 2. Suppose 2*a - o*a - 402 = 0. Let y = a + 116. What is the units digit of y?
9
Let h = 2874 - -1746. What is the tens digit of h?
2
Let d(h) = 3*h - 3. Let y be d(-4). Let v(o) = -2*o**2 - 19*o - 14. Let n be v(-10). Let u = y - n. What is the units digit of u?
9
Let z = 5882 + -3449. What is the units digit of z?
3
Suppose 0 = -c - 3*y + 534, 3*c = -4*y - y + 1594. What is the units digit of c?
8
Let v(o) = 14*o**2 + 6*o - 108. What is the tens digit of v(9)?
8
Suppose 5*v = 5*k + 55, 5*k - 3 - 2 = -5*v. Suppose -v*g + 565 = -737. What is the units digit of g?
7
Let b = -1644 - -2545. What is the hundreds digit of b?
9
Suppose -2*u - 6*r + 10*r + 1476 = 0, -4*u = r - 2988. What is the hundreds digit of u?
7
Let y = 78 - -20. What is the units digit of y?
8
What is the hundreds digit of (-2587)/(-7) + (-4)/7?
3
Let y be (-5)/35 + (-66)/(-21). Suppose -3*s + 39 = -2*j + 11, -y*j + 18 = 3*s. Suppose -s - 26 = -2*c. What is the units digit of c?
7
Suppose m - 6*m = -50. Let n be 5/(m/(-4)) - -4. What is the tens digit of n/(20/(-7) - -3)?
1
Suppose -7569 = -5*l - 2*t, 1500 = l + 14*t - 9*t. What is the hundreds digit of l?
5
Let n = -28 + 51. Suppose 2268 = -14*z + n*z. What is the hundreds digit of z?
2
Let x = -16 - -50. Suppose -4*z = -3*i + 17, -4*i + 4 = -z - 10. Suppose -i*w + x + 32 = 0. What is the tens digit of w?
2
Suppose -3*g = -15, 5*o - 2*g = o + 986. What is the tens digit of o?
4
Let x(y) = -y**3 + 20*y**2 - 4*y - 22. What is the tens digit of x(9)?
3
Let y = 701 - 520. What is the hundreds digit of y?
1
Let y(z) = z**2 + 11*z + 35. What is the tens digit of y(-30)?
0
Let h(x) = x**2 - 2*x + 3. Suppose -2*t = 5*y - 17, 5*t + 3*y - 2*y + 15 = 0. Let v be h(t). Let z = 53 - v. What is the tens digit of z?
2
Let t(a) = -3*a**2 - 2*a - 7. Let k be t(-8). What is the tens digit of ((-2)/2)/(369/k - -2)?
6
Suppose -2*g - 29 - 7 = 0. Let h = -12 - g. Suppose 0 = p - h*p + 155. What is the tens digit of p?
3
Suppose -48*y - 90 = -39*y. Let s be 2/(-3) + (-62)/(-3). Let c = s - y. What is the tens digit of c?
3
Suppose 5*a - 98 = f + 145, -5*a - 2*f = -249. What is the units digit of a?
9
Suppose -2*a + 5*l + 6 = -156, -4*a - 3*l = -324. Let s = -41 + a. What is the units digit of s?
0
Let c = 1862 - 732. What is the tens digit of c?
3
Let l = 173 - -349. What is the hundreds digit of l?
5
Suppose -3*t = -3, 281 - 724 = -3*o + t. Suppose c + 2*a - 45 = 0, 3*c - o = -3*a - 25. What is the tens digit of c?
3
Let v = 521 - 108. What is the hundreds digit of v?
4
Let w(x) = 6*x**2 - 3*x - 2. Let n be w(4). What is the tens digit of n/(-1)*(-1 + (3 - 3))?
8
Suppose 5 = -5*k, -5*n = -4*n + 2*k + 6. Let f(t) = -t**3 - 5*t**2 - 5*t - 1. Let r be f(n). Suppose 21 + 54 = r*z. What is the units digit of z?
5
Suppose -15 = -3*z, -2*z - 2158 = 2*j - 6*j. Let l = 762 - j. What is the units digit of l?
0
Suppose 330 = 33*t - 27*t. Suppose 2*g + 3*g = 3*x + 4, 3*g = 3*x. Suppose -3*c = g*c - t. What is the tens digit of c?
1
Suppose z - 4*h - 1951 = 0, 108*h = -3*z + 103*h + 5853. What is the thousands digit of z?
1
Suppose 13*b - 12*b - 2 = 0. Suppose 12 + b = 2*a. Suppose a*u - 94 = 5*u. What is the units digit of u?
7
Let d be 1*-3*(-14)/3. What is the tens digit of (-11)/77 - (-982)/d?
7
Suppose -j = -4*j + 6. What is the units digit of (6 + j)/1 + -3?
5
Let i = 8 + -4. What is the units digit of 1 - (-21 + (-4)/i + -1)?
4
Suppose -13 = -4*z - 5. Suppose 0 = 5*f + 1 - 11. Suppose -5*t + 9 = f*h + 1, z*h + t - 8 = 0. What is the units digit of h?
4
Suppose y = 6*y - 1175. Let u = y - 165. What is the units digit of u?
0
Suppose -42 = -9*c + 39. Suppose -c*s + 4*s = 15, 4*p + s = 329. What is the units digit of p?
3
What is the hundreds digit of ((1089/(-2))/3)/((-279)/744)?
4
What is the hundreds digit of 2196/14 + (-60)/70?
1
Suppose -6*s + 183 = -237. Suppose -3*j - 3*g = -60, 0*g = 3*j + g - s. Let k = 32 - j. What is the units digit of k?
7
Let s(l) = l**2 - 11*l + 512. What is the hundreds digit of s(0)?
5
Let t(v) = -22*v**2 - v + 7. Let l(k) = 45*k**2 + k - 13. Let h(u) = -6*l(u) - 13*t(u). What is the tens digit of h(3)?
5
Suppose -2*w + 3*w + 4*d - 358 = 0, 5*w + 4*d = 1790. Suppose 0 = 9*h - 65 - w. What is the units digit of h?
7
Let p(v) be the third derivative of v**6/120 + 3*v**5/20 + v**4/12 - 7*v**3/2 + 17*v**2. What is the tens digit of p(-7)?
6
Let y be 4/(-2) + -1 + 36. Let o = y - -3. Suppose 8*k = 6*k + o. What is the tens digit of k?
1
Let n be (-39)/52 + 38/8. Suppose 0 = -4*s + 3*r, -n*r + 28 - 3 = 3*s. What is the units digit of s?
3
Suppose 30*d = 25*d - 65. Let o(a) = -a**2 - 30*a + 16. What is the hundreds digit of o(d)?
2
Let y(g) = g + 3. Let b be y(0). Suppose 50*s = 51*s - 2. Suppose s*n = -2, b*n + 2 + 13 = 3*l. What is the units digit of l?
4
Suppose -9*m - 12 = -57. Suppose -248 = 3*x - m*x. What is the hundreds digit of x?
1
Let b(m) = m**3 + 8*m**2 + 4*m + 2. Let g(q) = -2*q. Let p be g(1). Let j be p/4 - 26/4. What is the tens digit of b(j)?
2
Suppose -6*r + 2191 + 6653 = 0. What is the units digit of r?
4
Let w(k) be the third derivative of -k**5/60 + 23*k**4/24 - 13*k**3/6 - 15*k**2. What is the tens digit of w(11)?
1
Suppose -1 = -4*l + 3. What is the tens digit of l/(-5) + 603/15 + 3?
4
Suppose -5*a = -15 + 5. Suppose -79 = a*w - 371. What is the units digit of w?
6
Let y = 705 - 260. What is the units digit of y?
5
Suppose 357*r = 375*r - 11232. What is the hundreds digit of r?
6
Let b = -1 - -4. Suppose 0 = -b*o + o - 4*v - 58, 4*o + 2*v = -98. What is the units digit of o/((5 + -1)/(-12))?
9
Let z = -78 - -92. Suppose 4*y = -42 - 42. What is the units digit of (-114)/4*z/y?
9
Suppose -x = 4*z - 3465, -2*x = 6 - 0. What is the tens digit of z?
6
Let v be 19/3 - 3/9. Let y(b) = -1 + 1 + 2*b**2 + 5 - b**3 + 4*b**2. What is the units digit of y(v)?
5
What is the units digit of (2/(-3))/(2/3)*-839?
9
Let c(d) be the second derivative of d**4/4 - 7*d**3/6 - 2*d**2 - 3*d. What is the tens digit of c(9)?
7
Suppose -2 = -2*d, 0*s + 5*d = 4*s - 119. Let z be 0/(2/(-8)*(-7 + 11)). Suppose -3*t + s + 11 = z. What is the units digit of t?
4
Let h(l) = l + 13. Let q be h(-8). Suppose -3*r = q*j - 52 + 15, -5 = -j. What is the units digit of (r/10)/(14/70)?
2
Let z(h) = 2*h**3 - 5*h**2 + 6*h + 5. Let t be z(5). Let i = t + -60. Suppose -4*k + 9*k = 4*b - i, b - 3*k - 18 = 0. What is the units digit of b?
0
Suppose -3*j - 21 = 2*g, 15 = -4*g - 5*j - 30. Let w(c) = -c**2 - 17*c - 16. What is the tens digit of w(g)?
1
Suppose 2*v - 5*q = v + 36, 4*v - 60 = -q. Suppose 5*h - 169 - v = 0. What is the tens digit of h?
3
Let x = -126 - -119. Let g(b) be the first derivative of b**2/2 + 9*b - 1. What is the units digit of g(x)?
2
Let g be (-21)/(-42)*(16 - 0). Suppose g*s = -580 + 1628. What is the tens digit of s?
3
Let v = 205 + -72. What 